{"id":1618,"date":"2025-05-13T22:57:34","date_gmt":"2025-05-13T20:57:34","guid":{"rendered":"https:\/\/lordsassembly.thetinydesign.com\/?post_type=product&#038;p=1618"},"modified":"2026-01-21T14:52:57","modified_gmt":"2026-01-21T13:52:57","slug":"noerdeloppemarked-salgsbod","status":"publish","type":"product","link":"https:\/\/lordsassembly.thetinydesign.com\/index.php\/vare\/noerdeloppemarked-salgsbod\/","title":{"rendered":"N\u00f8rdeLoppeMarked &#8211; Salgsbod"},"content":{"rendered":"","protected":false},"excerpt":{"rendered":"<p><strong>Loppemarked 06.06.2025 &#8211; 07.06.2025<\/strong><br \/>Tag dit N\u00f8rd Guld med og f\u00e5 det solgt mens du spiller.<\/p>\n<p>Du f\u00e5r et bord til r\u00e5dighed i hallen ved siden af alle vores andre aktiviteter, hvor du kan stille dine ting op.<\/p>\n<p>Hvis du spiller, vil en turneringsarrang\u00f8r holde \u00f8je med bordet og h\u00e5ndtere eventuelle k\u00f8bere, n\u00e5r du ikke selv kan v\u00e6re der.<\/p>\n<p>Lav en seddel for hver ting med f\u00f8lgende info (vi stiller sedler til r\u00e5dighed n\u00e5r du kommer):<br \/>&#8211; Navn p\u00e5 ting du s\u00e6lger (s\u00e5 folk kan notere det i mobilepay)<br \/>&#8211; Pris<br \/>&#8211; Mobilepay nummer<br \/>&#8211; Dit Navn<br \/>&#8211; Noter (fx; GW spray 50% tilbage, 3d printet model<\/p>\n<p>Man kan komme og stille op fredag aften, eller l\u00f8rdag morgen, og vi pakker f\u00f8rst ned n\u00e5r alle turneringer er slut s\u00f8ndag (eller tidligere hvis du ikke bliver hele weekenden)<\/p>\n","protected":false},"featured_media":1619,"template":"","meta":{"_et_pb_use_builder":"on","_et_pb_old_content":"<strong>Pladser:<\/strong> 20<br><strong>Dommere:<\/strong> Phillip Jensen<br><strong>N\u00f8rgleperson: <\/strong>Phillip Jensen<br><strong>Pr\u00e6mier:<\/strong> 1.2.3. Malepr\u00e6mie, Sportsmanship, Grot<br><br>Der bruges AOS turneringsregler. 2000 points.<br>Player pack tilg\u00e5r<br><br><br><em>Bem\u00e6rk: Der skal v\u00e6re minimum 10 deltagere til dette turnering.<\/em><br><br><br><strong>Army building \/ Restrictons<\/strong>:<br><br>- Forgeworld er tilladt.<br>- Proxy er tilladt, s\u00e5 l\u00e6nge de matcher v\u00e5ben og udstyr p\u00e5 samme niveau GW g\u00f8r, er du i tvivl kan du skrive til<br>os p\u00e5 mail og sp\u00f8rge.<br>- WYSIWYG skal efterf\u00f8lges med korrekte v\u00e5ben.<br>- H\u00e6ren skal v\u00e6re battle ready efter Games Workshops definitioner.<br>- Der vil v\u00e6re opsat terr\u00e6n p\u00e5 bordene, og der spilles p\u00e5 60\u201dx44\u201d borde.<br>- Swiss system efter 1 runde. (W\/D\/L med vp som tiebreaker) via Best Coast Pairings.<br>- Nyeste version af errata, balance dataslate, codex og FAQ skal bruges, og skal v\u00e6re udkommet inden 3\/6-24 (codex, ikke n\u00f8dvendigvis FAQ, hvis denne ikke er udkommet).<br>- Der vil v\u00e6re opsat terr\u00e6n p\u00e5 bordene, og der spilles p\u00e5 60\u201dx44\u201d borde.<br>- Swiss system efter 1 runde. (W\/D\/L med vp som tiebreaker) via Best Coast Pairings.<br>- Skakur kan kun bruges s\u00e5fremt begge spillere \u00f8nskes, og man medbringer selv ur eller app med skakur.<br>","_et_gb_content_width":""},"product_brand":[],"product_cat":[50,25,20,24,21],"product_tag":[],"class_list":{"0":"post-1618","1":"product","2":"type-product","3":"status-publish","4":"has-post-thumbnail","6":"product_cat-rollespil","7":"product_cat-star-wars","8":"product_cat-ukategoriseret","9":"product_cat-warhammer","10":"product_cat-warhammer-40k","12":"first","13":"instock","14":"virtual","15":"sold-individually","16":"purchasable","17":"product-type-simple"},"yoast_head":"<!-- This site is optimized with the Yoast SEO plugin v27.0 - https:\/\/yoast.com\/product\/yoast-seo-wordpress\/ -->\n<title>N\u00f8rdeLoppeMarked - Salgsbod - West Coast Wargames<\/title>\n<meta name=\"robots\" content=\"index, follow, max-snippet:-1, max-image-preview:large, max-video-preview:-1\" \/>\n<link rel=\"canonical\" href=\"https:\/\/lordsassembly.thetinydesign.com\/index.php\/vare\/noerdeloppemarked-salgsbod\/\" \/>\n<meta property=\"og:locale\" content=\"da_DK\" \/>\n<meta property=\"og:type\" content=\"article\" \/>\n<meta property=\"og:title\" content=\"N\u00f8rdeLoppeMarked - Salgsbod - West Coast Wargames\" \/>\n<meta property=\"og:description\" content=\"Loppemarked 06.06.2025 - 07.06.2025Tag dit N\u00f8rd Guld med og f\u00e5 det solgt mens du spiller.Du f\u00e5r et bord til r\u00e5dighed i hallen ved siden af alle vores andre aktiviteter, hvor du kan stille dine ting op.Hvis du spiller, vil en turneringsarrang\u00f8r holde \u00f8je med bordet og h\u00e5ndtere eventuelle k\u00f8bere, n\u00e5r du ikke selv kan v\u00e6re der.Lav en seddel for hver ting med f\u00f8lgende info (vi stiller sedler til r\u00e5dighed n\u00e5r du kommer):- Navn p\u00e5 ting du s\u00e6lger (s\u00e5 folk kan notere det i mobilepay)- Pris- Mobilepay nummer- Dit Navn- Noter (fx; GW spray 50% tilbage, 3d printet modelMan kan komme og stille op fredag aften, eller l\u00f8rdag morgen, og vi pakker f\u00f8rst ned n\u00e5r alle turneringer er slut s\u00f8ndag (eller tidligere hvis du ikke bliver hele weekenden)\" \/>\n<meta property=\"og:url\" content=\"https:\/\/lordsassembly.thetinydesign.com\/index.php\/vare\/noerdeloppemarked-salgsbod\/\" \/>\n<meta property=\"og:site_name\" content=\"West Coast Wargames\" \/>\n<meta property=\"article:publisher\" content=\"https:\/\/www.facebook.com\/groups\/275217715609502\/\" \/>\n<meta property=\"article:modified_time\" content=\"2026-01-21T13:52:57+00:00\" \/>\n<meta property=\"og:image\" content=\"https:\/\/lordsassembly.thetinydesign.com\/wp-content\/uploads\/2025\/05\/create-an-image-of-a-flea-market-for-nerds-selling-miniature-wargaming-items.png\" \/>\n\t<meta property=\"og:image:width\" content=\"1024\" \/>\n\t<meta property=\"og:image:height\" content=\"1024\" \/>\n\t<meta property=\"og:image:type\" content=\"image\/png\" \/>\n<meta name=\"twitter:card\" content=\"summary_large_image\" \/>\n<script type=\"application\/ld+json\" class=\"yoast-schema-graph\">{\"@context\":\"https:\/\/schema.org\",\"@graph\":[{\"@type\":\"WebPage\",\"@id\":\"https:\/\/lordsassembly.thetinydesign.com\/index.php\/vare\/noerdeloppemarked-salgsbod\/\",\"url\":\"https:\/\/lordsassembly.thetinydesign.com\/index.php\/vare\/noerdeloppemarked-salgsbod\/\",\"name\":\"N\u00f8rdeLoppeMarked - Salgsbod - West Coast Wargames\",\"isPartOf\":{\"@id\":\"https:\/\/lordsassembly.thetinydesign.com\/#website\"},\"primaryImageOfPage\":{\"@id\":\"https:\/\/lordsassembly.thetinydesign.com\/index.php\/vare\/noerdeloppemarked-salgsbod\/#primaryimage\"},\"image\":{\"@id\":\"https:\/\/lordsassembly.thetinydesign.com\/index.php\/vare\/noerdeloppemarked-salgsbod\/#primaryimage\"},\"thumbnailUrl\":\"https:\/\/lordsassembly.thetinydesign.com\/wp-content\/uploads\/2025\/05\/create-an-image-of-a-flea-market-for-nerds-selling-miniature-wargaming-items.png\",\"datePublished\":\"2025-05-13T20:57:34+00:00\",\"dateModified\":\"2026-01-21T13:52:57+00:00\",\"breadcrumb\":{\"@id\":\"https:\/\/lordsassembly.thetinydesign.com\/index.php\/vare\/noerdeloppemarked-salgsbod\/#breadcrumb\"},\"inLanguage\":\"da-DK\",\"potentialAction\":[{\"@type\":\"ReadAction\",\"target\":[\"https:\/\/lordsassembly.thetinydesign.com\/index.php\/vare\/noerdeloppemarked-salgsbod\/\"]}]},{\"@type\":\"ImageObject\",\"inLanguage\":\"da-DK\",\"@id\":\"https:\/\/lordsassembly.thetinydesign.com\/index.php\/vare\/noerdeloppemarked-salgsbod\/#primaryimage\",\"url\":\"https:\/\/lordsassembly.thetinydesign.com\/wp-content\/uploads\/2025\/05\/create-an-image-of-a-flea-market-for-nerds-selling-miniature-wargaming-items.png\",\"contentUrl\":\"https:\/\/lordsassembly.thetinydesign.com\/wp-content\/uploads\/2025\/05\/create-an-image-of-a-flea-market-for-nerds-selling-miniature-wargaming-items.png\",\"width\":1024,\"height\":1024},{\"@type\":\"BreadcrumbList\",\"@id\":\"https:\/\/lordsassembly.thetinydesign.com\/index.php\/vare\/noerdeloppemarked-salgsbod\/#breadcrumb\",\"itemListElement\":[{\"@type\":\"ListItem\",\"position\":1,\"name\":\"Hjem\",\"item\":\"https:\/\/lordsassembly.thetinydesign.com\/\"},{\"@type\":\"ListItem\",\"position\":2,\"name\":\"Billetter\",\"item\":\"https:\/\/lordsassembly.thetinydesign.com\/index.php\/billetter\/\"},{\"@type\":\"ListItem\",\"position\":3,\"name\":\"N\u00f8rdeLoppeMarked &#8211; Salgsbod\"}]},{\"@type\":\"WebSite\",\"@id\":\"https:\/\/lordsassembly.thetinydesign.com\/#website\",\"url\":\"https:\/\/lordsassembly.thetinydesign.com\/\",\"name\":\"West Coast Wargames\",\"description\":\"Turneringer og mere\",\"publisher\":{\"@id\":\"https:\/\/lordsassembly.thetinydesign.com\/#organization\"},\"potentialAction\":[{\"@type\":\"SearchAction\",\"target\":{\"@type\":\"EntryPoint\",\"urlTemplate\":\"https:\/\/lordsassembly.thetinydesign.com\/?s={search_term_string}\"},\"query-input\":{\"@type\":\"PropertyValueSpecification\",\"valueRequired\":true,\"valueName\":\"search_term_string\"}}],\"inLanguage\":\"da-DK\"},{\"@type\":\"Organization\",\"@id\":\"https:\/\/lordsassembly.thetinydesign.com\/#organization\",\"name\":\"Lords Assembly Esbjerg\",\"url\":\"https:\/\/lordsassembly.thetinydesign.com\/\",\"logo\":{\"@type\":\"ImageObject\",\"inLanguage\":\"da-DK\",\"@id\":\"https:\/\/lordsassembly.thetinydesign.com\/#\/schema\/logo\/image\/\",\"url\":\"https:\/\/lordsassembly.thetinydesign.com\/wp-content\/uploads\/2024\/03\/LAE-logo-03.png\",\"contentUrl\":\"https:\/\/lordsassembly.thetinydesign.com\/wp-content\/uploads\/2024\/03\/LAE-logo-03.png\",\"width\":915,\"height\":899,\"caption\":\"Lords Assembly Esbjerg\"},\"image\":{\"@id\":\"https:\/\/lordsassembly.thetinydesign.com\/#\/schema\/logo\/image\/\"},\"sameAs\":[\"https:\/\/www.facebook.com\/groups\/275217715609502\/\",\"https:\/\/www.instagram.com\/lords_assembly_esbjerg\/\"]}]}<\/script>\n<!-- \/ Yoast SEO plugin. -->","yoast_head_json":{"title":"N\u00f8rdeLoppeMarked - Salgsbod - West Coast Wargames","robots":{"index":"index","follow":"follow","max-snippet":"max-snippet:-1","max-image-preview":"max-image-preview:large","max-video-preview":"max-video-preview:-1"},"canonical":"https:\/\/lordsassembly.thetinydesign.com\/index.php\/vare\/noerdeloppemarked-salgsbod\/","og_locale":"da_DK","og_type":"article","og_title":"N\u00f8rdeLoppeMarked - Salgsbod - West Coast Wargames","og_description":"Loppemarked 06.06.2025 - 07.06.2025Tag dit N\u00f8rd Guld med og f\u00e5 det solgt mens du spiller.Du f\u00e5r et bord til r\u00e5dighed i hallen ved siden af alle vores andre aktiviteter, hvor du kan stille dine ting op.Hvis du spiller, vil en turneringsarrang\u00f8r holde \u00f8je med bordet og h\u00e5ndtere eventuelle k\u00f8bere, n\u00e5r du ikke selv kan v\u00e6re der.Lav en seddel for hver ting med f\u00f8lgende info (vi stiller sedler til r\u00e5dighed n\u00e5r du kommer):- Navn p\u00e5 ting du s\u00e6lger (s\u00e5 folk kan notere det i mobilepay)- Pris- Mobilepay nummer- Dit Navn- Noter (fx; GW spray 50% tilbage, 3d printet modelMan kan komme og stille op fredag aften, eller l\u00f8rdag morgen, og vi pakker f\u00f8rst ned n\u00e5r alle turneringer er slut s\u00f8ndag (eller tidligere hvis du ikke bliver hele weekenden)","og_url":"https:\/\/lordsassembly.thetinydesign.com\/index.php\/vare\/noerdeloppemarked-salgsbod\/","og_site_name":"West Coast Wargames","article_publisher":"https:\/\/www.facebook.com\/groups\/275217715609502\/","article_modified_time":"2026-01-21T13:52:57+00:00","og_image":[{"url":"https:\/\/lordsassembly.thetinydesign.com\/wp-content\/uploads\/2025\/05\/create-an-image-of-a-flea-market-for-nerds-selling-miniature-wargaming-items.png","width":1024,"height":1024,"type":"image\/png"}],"twitter_card":"summary_large_image","schema":{"@context":"https:\/\/schema.org","@graph":[{"@type":"WebPage","@id":"https:\/\/lordsassembly.thetinydesign.com\/index.php\/vare\/noerdeloppemarked-salgsbod\/","url":"https:\/\/lordsassembly.thetinydesign.com\/index.php\/vare\/noerdeloppemarked-salgsbod\/","name":"N\u00f8rdeLoppeMarked - Salgsbod - West Coast Wargames","isPartOf":{"@id":"https:\/\/lordsassembly.thetinydesign.com\/#website"},"primaryImageOfPage":{"@id":"https:\/\/lordsassembly.thetinydesign.com\/index.php\/vare\/noerdeloppemarked-salgsbod\/#primaryimage"},"image":{"@id":"https:\/\/lordsassembly.thetinydesign.com\/index.php\/vare\/noerdeloppemarked-salgsbod\/#primaryimage"},"thumbnailUrl":"https:\/\/lordsassembly.thetinydesign.com\/wp-content\/uploads\/2025\/05\/create-an-image-of-a-flea-market-for-nerds-selling-miniature-wargaming-items.png","datePublished":"2025-05-13T20:57:34+00:00","dateModified":"2026-01-21T13:52:57+00:00","breadcrumb":{"@id":"https:\/\/lordsassembly.thetinydesign.com\/index.php\/vare\/noerdeloppemarked-salgsbod\/#breadcrumb"},"inLanguage":"da-DK","potentialAction":[{"@type":"ReadAction","target":["https:\/\/lordsassembly.thetinydesign.com\/index.php\/vare\/noerdeloppemarked-salgsbod\/"]}]},{"@type":"ImageObject","inLanguage":"da-DK","@id":"https:\/\/lordsassembly.thetinydesign.com\/index.php\/vare\/noerdeloppemarked-salgsbod\/#primaryimage","url":"https:\/\/lordsassembly.thetinydesign.com\/wp-content\/uploads\/2025\/05\/create-an-image-of-a-flea-market-for-nerds-selling-miniature-wargaming-items.png","contentUrl":"https:\/\/lordsassembly.thetinydesign.com\/wp-content\/uploads\/2025\/05\/create-an-image-of-a-flea-market-for-nerds-selling-miniature-wargaming-items.png","width":1024,"height":1024},{"@type":"BreadcrumbList","@id":"https:\/\/lordsassembly.thetinydesign.com\/index.php\/vare\/noerdeloppemarked-salgsbod\/#breadcrumb","itemListElement":[{"@type":"ListItem","position":1,"name":"Hjem","item":"https:\/\/lordsassembly.thetinydesign.com\/"},{"@type":"ListItem","position":2,"name":"Billetter","item":"https:\/\/lordsassembly.thetinydesign.com\/index.php\/billetter\/"},{"@type":"ListItem","position":3,"name":"N\u00f8rdeLoppeMarked &#8211; Salgsbod"}]},{"@type":"WebSite","@id":"https:\/\/lordsassembly.thetinydesign.com\/#website","url":"https:\/\/lordsassembly.thetinydesign.com\/","name":"West Coast Wargames","description":"Turneringer og mere","publisher":{"@id":"https:\/\/lordsassembly.thetinydesign.com\/#organization"},"potentialAction":[{"@type":"SearchAction","target":{"@type":"EntryPoint","urlTemplate":"https:\/\/lordsassembly.thetinydesign.com\/?s={search_term_string}"},"query-input":{"@type":"PropertyValueSpecification","valueRequired":true,"valueName":"search_term_string"}}],"inLanguage":"da-DK"},{"@type":"Organization","@id":"https:\/\/lordsassembly.thetinydesign.com\/#organization","name":"Lords Assembly Esbjerg","url":"https:\/\/lordsassembly.thetinydesign.com\/","logo":{"@type":"ImageObject","inLanguage":"da-DK","@id":"https:\/\/lordsassembly.thetinydesign.com\/#\/schema\/logo\/image\/","url":"https:\/\/lordsassembly.thetinydesign.com\/wp-content\/uploads\/2024\/03\/LAE-logo-03.png","contentUrl":"https:\/\/lordsassembly.thetinydesign.com\/wp-content\/uploads\/2024\/03\/LAE-logo-03.png","width":915,"height":899,"caption":"Lords Assembly Esbjerg"},"image":{"@id":"https:\/\/lordsassembly.thetinydesign.com\/#\/schema\/logo\/image\/"},"sameAs":["https:\/\/www.facebook.com\/groups\/275217715609502\/","https:\/\/www.instagram.com\/lords_assembly_esbjerg\/"]}]}},"_links":{"self":[{"href":"https:\/\/lordsassembly.thetinydesign.com\/index.php\/wp-json\/wp\/v2\/product\/1618","targetHints":{"allow":["GET"]}}],"collection":[{"href":"https:\/\/lordsassembly.thetinydesign.com\/index.php\/wp-json\/wp\/v2\/product"}],"about":[{"href":"https:\/\/lordsassembly.thetinydesign.com\/index.php\/wp-json\/wp\/v2\/types\/product"}],"wp:featuredmedia":[{"embeddable":true,"href":"https:\/\/lordsassembly.thetinydesign.com\/index.php\/wp-json\/wp\/v2\/media\/1619"}],"wp:attachment":[{"href":"https:\/\/lordsassembly.thetinydesign.com\/index.php\/wp-json\/wp\/v2\/media?parent=1618"}],"wp:term":[{"taxonomy":"product_brand","embeddable":true,"href":"https:\/\/lordsassembly.thetinydesign.com\/index.php\/wp-json\/wp\/v2\/product_brand?post=1618"},{"taxonomy":"product_cat","embeddable":true,"href":"https:\/\/lordsassembly.thetinydesign.com\/index.php\/wp-json\/wp\/v2\/product_cat?post=1618"},{"taxonomy":"product_tag","embeddable":true,"href":"https:\/\/lordsassembly.thetinydesign.com\/index.php\/wp-json\/wp\/v2\/product_tag?post=1618"}],"curies":[{"name":"wp","href":"https:\/\/api.w.org\/{rel}","templated":true}]}}