{"id":427,"date":"2024-03-08T12:33:03","date_gmt":"2024-03-08T11:33:03","guid":{"rendered":"https:\/\/lordsassembly.thetinydesign.com\/?post_type=product&#038;p=427"},"modified":"2026-01-17T23:29:05","modified_gmt":"2026-01-17T22:29:05","slug":"star-wars-legion-billet-2","status":"publish","type":"product","link":"https:\/\/lordsassembly.thetinydesign.com\/index.php\/vare\/star-wars-legion-billet-2\/","title":{"rendered":"Star Wars Legion &#8211; Billet"},"content":{"rendered":"","protected":false},"excerpt":{"rendered":"<p><strong>Pladser: <\/strong>22<br \/><strong>Point: <\/strong>1000<br \/><strong>3 Kampe, 1 dag<\/strong> (06.06.2026)<br \/><strong>Dommer: <\/strong>Jesper Grumstrup<br \/><strong>Arrang\u00f8r: <\/strong>Jesper Grumstrup<\/p>\n<p><em>Bem\u00e6rk: Der skal v\u00e6re minimum 6 deltagere til denne turnering.<\/em><\/p>\n<p>Vi kommunikerer hovedsageligt gennem facebook. F\u00f8lg med her:<br \/><a href=\"https:\/\/www.facebook.com\/groups\/275217715609502\/\">West Coast Wargames Facebook Hovedside<\/a><\/p>\n<p>Regler og tidsplan findes i playerback herunder:<br \/><a href=\"https:\/\/1drv.ms\/f\/c\/cf0e3aacd730b574\/QnS1MNesOg4ggM_RIQIAAAAAAjjUgqKQZoM6MQ\">WcW Player Packs<\/a><\/p>\n","protected":false},"featured_media":205,"template":"","meta":{"_et_pb_use_builder":"on","_et_pb_old_content":"<strong>Pladser:<\/strong> 20<br><strong>Dommere:<\/strong> Phillip Jensen<br><strong>N\u00f8rgleperson: <\/strong>Phillip Jensen<br><strong>Pr\u00e6mier:<\/strong> 1.2.3. Malepr\u00e6mie, Sportsmanship, Grot<br><br>Der bruges AOS turneringsregler. 2000 points.<br>Player pack tilg\u00e5r<br><br><br><em>Bem\u00e6rk: Der skal v\u00e6re minimum 10 deltagere til dette turnering.<\/em><br><br><br><strong>Army building \/ Restrictons<\/strong>:<br><br>- Forgeworld er tilladt.<br>- Proxy er tilladt, s\u00e5 l\u00e6nge de matcher v\u00e5ben og udstyr p\u00e5 samme niveau GW g\u00f8r, er du i tvivl kan du skrive til<br>os p\u00e5 mail og sp\u00f8rge.<br>- WYSIWYG skal efterf\u00f8lges med korrekte v\u00e5ben.<br>- H\u00e6ren skal v\u00e6re battle ready efter Games Workshops definitioner.<br>- Der vil v\u00e6re opsat terr\u00e6n p\u00e5 bordene, og der spilles p\u00e5 60\u201dx44\u201d borde.<br>- Swiss system efter 1 runde. (W\/D\/L med vp som tiebreaker) via Best Coast Pairings.<br>- Nyeste version af errata, balance dataslate, codex og FAQ skal bruges, og skal v\u00e6re udkommet inden 3\/6-24 (codex, ikke n\u00f8dvendigvis FAQ, hvis denne ikke er udkommet).<br>- Der vil v\u00e6re opsat terr\u00e6n p\u00e5 bordene, og der spilles p\u00e5 60\u201dx44\u201d borde.<br>- Swiss system efter 1 runde. (W\/D\/L med vp som tiebreaker) via Best Coast Pairings.<br>- Skakur kan kun bruges s\u00e5fremt begge spillere \u00f8nskes, og man medbringer selv ur eller app med skakur.<br>","_et_gb_content_width":""},"product_brand":[],"product_cat":[25],"product_tag":[],"class_list":{"0":"post-427","1":"product","2":"type-product","3":"status-publish","4":"has-post-thumbnail","6":"product_cat-star-wars","8":"first","9":"instock","10":"virtual","11":"purchasable","12":"product-type-simple"},"yoast_head":"<!-- This site is optimized with the Yoast SEO plugin v27.0 - https:\/\/yoast.com\/product\/yoast-seo-wordpress\/ -->\n<title>Star Wars Legion - Billet - West Coast Wargames<\/title>\n<meta name=\"robots\" content=\"index, follow, max-snippet:-1, max-image-preview:large, max-video-preview:-1\" \/>\n<link rel=\"canonical\" href=\"https:\/\/lordsassembly.thetinydesign.com\/index.php\/vare\/star-wars-legion-billet-2\/\" \/>\n<meta property=\"og:locale\" content=\"da_DK\" \/>\n<meta property=\"og:type\" content=\"article\" \/>\n<meta property=\"og:title\" content=\"Star Wars Legion - Billet - West Coast Wargames\" \/>\n<meta property=\"og:description\" content=\"Pladser: 22Point: 10003 Kampe, 1 dag (06.06.2026)Dommer: Jesper GrumstrupArrang\u00f8r: Jesper GrumstrupBem\u00e6rk: Der skal v\u00e6re minimum 6 deltagere til denne turnering.Vi kommunikerer hovedsageligt gennem facebook. F\u00f8lg med her:West Coast Wargames Facebook HovedsideRegler og tidsplan findes i playerback herunder:WcW Player Packs\" \/>\n<meta property=\"og:url\" content=\"https:\/\/lordsassembly.thetinydesign.com\/index.php\/vare\/star-wars-legion-billet-2\/\" \/>\n<meta property=\"og:site_name\" content=\"West Coast Wargames\" \/>\n<meta property=\"article:publisher\" content=\"https:\/\/www.facebook.com\/groups\/275217715609502\/\" \/>\n<meta property=\"article:modified_time\" content=\"2026-01-17T22:29:05+00:00\" \/>\n<meta property=\"og:image\" content=\"https:\/\/lordsassembly.thetinydesign.com\/wp-content\/uploads\/2024\/01\/swl01_logo-1.png\" \/>\n\t<meta property=\"og:image:width\" content=\"500\" \/>\n\t<meta property=\"og:image:height\" content=\"500\" \/>\n\t<meta property=\"og:image:type\" content=\"image\/png\" \/>\n<meta name=\"twitter:card\" content=\"summary_large_image\" \/>\n<script type=\"application\/ld+json\" class=\"yoast-schema-graph\">{\"@context\":\"https:\/\/schema.org\",\"@graph\":[{\"@type\":\"WebPage\",\"@id\":\"https:\/\/lordsassembly.thetinydesign.com\/index.php\/vare\/star-wars-legion-billet-2\/\",\"url\":\"https:\/\/lordsassembly.thetinydesign.com\/index.php\/vare\/star-wars-legion-billet-2\/\",\"name\":\"Star Wars Legion - Billet - West Coast Wargames\",\"isPartOf\":{\"@id\":\"https:\/\/lordsassembly.thetinydesign.com\/#website\"},\"primaryImageOfPage\":{\"@id\":\"https:\/\/lordsassembly.thetinydesign.com\/index.php\/vare\/star-wars-legion-billet-2\/#primaryimage\"},\"image\":{\"@id\":\"https:\/\/lordsassembly.thetinydesign.com\/index.php\/vare\/star-wars-legion-billet-2\/#primaryimage\"},\"thumbnailUrl\":\"https:\/\/lordsassembly.thetinydesign.com\/wp-content\/uploads\/2024\/01\/swl01_logo-1.png\",\"datePublished\":\"2024-03-08T11:33:03+00:00\",\"dateModified\":\"2026-01-17T22:29:05+00:00\",\"breadcrumb\":{\"@id\":\"https:\/\/lordsassembly.thetinydesign.com\/index.php\/vare\/star-wars-legion-billet-2\/#breadcrumb\"},\"inLanguage\":\"da-DK\",\"potentialAction\":[{\"@type\":\"ReadAction\",\"target\":[\"https:\/\/lordsassembly.thetinydesign.com\/index.php\/vare\/star-wars-legion-billet-2\/\"]}]},{\"@type\":\"ImageObject\",\"inLanguage\":\"da-DK\",\"@id\":\"https:\/\/lordsassembly.thetinydesign.com\/index.php\/vare\/star-wars-legion-billet-2\/#primaryimage\",\"url\":\"https:\/\/lordsassembly.thetinydesign.com\/wp-content\/uploads\/2024\/01\/swl01_logo-1.png\",\"contentUrl\":\"https:\/\/lordsassembly.thetinydesign.com\/wp-content\/uploads\/2024\/01\/swl01_logo-1.png\",\"width\":500,\"height\":500},{\"@type\":\"BreadcrumbList\",\"@id\":\"https:\/\/lordsassembly.thetinydesign.com\/index.php\/vare\/star-wars-legion-billet-2\/#breadcrumb\",\"itemListElement\":[{\"@type\":\"ListItem\",\"position\":1,\"name\":\"Hjem\",\"item\":\"https:\/\/lordsassembly.thetinydesign.com\/\"},{\"@type\":\"ListItem\",\"position\":2,\"name\":\"Billetter\",\"item\":\"https:\/\/lordsassembly.thetinydesign.com\/index.php\/billetter\/\"},{\"@type\":\"ListItem\",\"position\":3,\"name\":\"Star Wars Legion &#8211; Billet\"}]},{\"@type\":\"WebSite\",\"@id\":\"https:\/\/lordsassembly.thetinydesign.com\/#website\",\"url\":\"https:\/\/lordsassembly.thetinydesign.com\/\",\"name\":\"West Coast Wargames\",\"description\":\"Turneringer og mere\",\"publisher\":{\"@id\":\"https:\/\/lordsassembly.thetinydesign.com\/#organization\"},\"potentialAction\":[{\"@type\":\"SearchAction\",\"target\":{\"@type\":\"EntryPoint\",\"urlTemplate\":\"https:\/\/lordsassembly.thetinydesign.com\/?s={search_term_string}\"},\"query-input\":{\"@type\":\"PropertyValueSpecification\",\"valueRequired\":true,\"valueName\":\"search_term_string\"}}],\"inLanguage\":\"da-DK\"},{\"@type\":\"Organization\",\"@id\":\"https:\/\/lordsassembly.thetinydesign.com\/#organization\",\"name\":\"Lords Assembly Esbjerg\",\"url\":\"https:\/\/lordsassembly.thetinydesign.com\/\",\"logo\":{\"@type\":\"ImageObject\",\"inLanguage\":\"da-DK\",\"@id\":\"https:\/\/lordsassembly.thetinydesign.com\/#\/schema\/logo\/image\/\",\"url\":\"https:\/\/lordsassembly.thetinydesign.com\/wp-content\/uploads\/2024\/03\/LAE-logo-03.png\",\"contentUrl\":\"https:\/\/lordsassembly.thetinydesign.com\/wp-content\/uploads\/2024\/03\/LAE-logo-03.png\",\"width\":915,\"height\":899,\"caption\":\"Lords Assembly Esbjerg\"},\"image\":{\"@id\":\"https:\/\/lordsassembly.thetinydesign.com\/#\/schema\/logo\/image\/\"},\"sameAs\":[\"https:\/\/www.facebook.com\/groups\/275217715609502\/\",\"https:\/\/www.instagram.com\/lords_assembly_esbjerg\/\"]}]}<\/script>\n<!-- \/ Yoast SEO plugin. -->","yoast_head_json":{"title":"Star Wars Legion - Billet - West Coast Wargames","robots":{"index":"index","follow":"follow","max-snippet":"max-snippet:-1","max-image-preview":"max-image-preview:large","max-video-preview":"max-video-preview:-1"},"canonical":"https:\/\/lordsassembly.thetinydesign.com\/index.php\/vare\/star-wars-legion-billet-2\/","og_locale":"da_DK","og_type":"article","og_title":"Star Wars Legion - Billet - West Coast Wargames","og_description":"Pladser: 22Point: 10003 Kampe, 1 dag (06.06.2026)Dommer: Jesper GrumstrupArrang\u00f8r: Jesper GrumstrupBem\u00e6rk: Der skal v\u00e6re minimum 6 deltagere til denne turnering.Vi kommunikerer hovedsageligt gennem facebook. F\u00f8lg med her:West Coast Wargames Facebook HovedsideRegler og tidsplan findes i playerback herunder:WcW Player Packs","og_url":"https:\/\/lordsassembly.thetinydesign.com\/index.php\/vare\/star-wars-legion-billet-2\/","og_site_name":"West Coast Wargames","article_publisher":"https:\/\/www.facebook.com\/groups\/275217715609502\/","article_modified_time":"2026-01-17T22:29:05+00:00","og_image":[{"width":500,"height":500,"url":"https:\/\/lordsassembly.thetinydesign.com\/wp-content\/uploads\/2024\/01\/swl01_logo-1.png","type":"image\/png"}],"twitter_card":"summary_large_image","schema":{"@context":"https:\/\/schema.org","@graph":[{"@type":"WebPage","@id":"https:\/\/lordsassembly.thetinydesign.com\/index.php\/vare\/star-wars-legion-billet-2\/","url":"https:\/\/lordsassembly.thetinydesign.com\/index.php\/vare\/star-wars-legion-billet-2\/","name":"Star Wars Legion - Billet - West Coast Wargames","isPartOf":{"@id":"https:\/\/lordsassembly.thetinydesign.com\/#website"},"primaryImageOfPage":{"@id":"https:\/\/lordsassembly.thetinydesign.com\/index.php\/vare\/star-wars-legion-billet-2\/#primaryimage"},"image":{"@id":"https:\/\/lordsassembly.thetinydesign.com\/index.php\/vare\/star-wars-legion-billet-2\/#primaryimage"},"thumbnailUrl":"https:\/\/lordsassembly.thetinydesign.com\/wp-content\/uploads\/2024\/01\/swl01_logo-1.png","datePublished":"2024-03-08T11:33:03+00:00","dateModified":"2026-01-17T22:29:05+00:00","breadcrumb":{"@id":"https:\/\/lordsassembly.thetinydesign.com\/index.php\/vare\/star-wars-legion-billet-2\/#breadcrumb"},"inLanguage":"da-DK","potentialAction":[{"@type":"ReadAction","target":["https:\/\/lordsassembly.thetinydesign.com\/index.php\/vare\/star-wars-legion-billet-2\/"]}]},{"@type":"ImageObject","inLanguage":"da-DK","@id":"https:\/\/lordsassembly.thetinydesign.com\/index.php\/vare\/star-wars-legion-billet-2\/#primaryimage","url":"https:\/\/lordsassembly.thetinydesign.com\/wp-content\/uploads\/2024\/01\/swl01_logo-1.png","contentUrl":"https:\/\/lordsassembly.thetinydesign.com\/wp-content\/uploads\/2024\/01\/swl01_logo-1.png","width":500,"height":500},{"@type":"BreadcrumbList","@id":"https:\/\/lordsassembly.thetinydesign.com\/index.php\/vare\/star-wars-legion-billet-2\/#breadcrumb","itemListElement":[{"@type":"ListItem","position":1,"name":"Hjem","item":"https:\/\/lordsassembly.thetinydesign.com\/"},{"@type":"ListItem","position":2,"name":"Billetter","item":"https:\/\/lordsassembly.thetinydesign.com\/index.php\/billetter\/"},{"@type":"ListItem","position":3,"name":"Star Wars Legion &#8211; Billet"}]},{"@type":"WebSite","@id":"https:\/\/lordsassembly.thetinydesign.com\/#website","url":"https:\/\/lordsassembly.thetinydesign.com\/","name":"West Coast Wargames","description":"Turneringer og mere","publisher":{"@id":"https:\/\/lordsassembly.thetinydesign.com\/#organization"},"potentialAction":[{"@type":"SearchAction","target":{"@type":"EntryPoint","urlTemplate":"https:\/\/lordsassembly.thetinydesign.com\/?s={search_term_string}"},"query-input":{"@type":"PropertyValueSpecification","valueRequired":true,"valueName":"search_term_string"}}],"inLanguage":"da-DK"},{"@type":"Organization","@id":"https:\/\/lordsassembly.thetinydesign.com\/#organization","name":"Lords Assembly Esbjerg","url":"https:\/\/lordsassembly.thetinydesign.com\/","logo":{"@type":"ImageObject","inLanguage":"da-DK","@id":"https:\/\/lordsassembly.thetinydesign.com\/#\/schema\/logo\/image\/","url":"https:\/\/lordsassembly.thetinydesign.com\/wp-content\/uploads\/2024\/03\/LAE-logo-03.png","contentUrl":"https:\/\/lordsassembly.thetinydesign.com\/wp-content\/uploads\/2024\/03\/LAE-logo-03.png","width":915,"height":899,"caption":"Lords Assembly Esbjerg"},"image":{"@id":"https:\/\/lordsassembly.thetinydesign.com\/#\/schema\/logo\/image\/"},"sameAs":["https:\/\/www.facebook.com\/groups\/275217715609502\/","https:\/\/www.instagram.com\/lords_assembly_esbjerg\/"]}]}},"_links":{"self":[{"href":"https:\/\/lordsassembly.thetinydesign.com\/index.php\/wp-json\/wp\/v2\/product\/427","targetHints":{"allow":["GET"]}}],"collection":[{"href":"https:\/\/lordsassembly.thetinydesign.com\/index.php\/wp-json\/wp\/v2\/product"}],"about":[{"href":"https:\/\/lordsassembly.thetinydesign.com\/index.php\/wp-json\/wp\/v2\/types\/product"}],"wp:featuredmedia":[{"embeddable":true,"href":"https:\/\/lordsassembly.thetinydesign.com\/index.php\/wp-json\/wp\/v2\/media\/205"}],"wp:attachment":[{"href":"https:\/\/lordsassembly.thetinydesign.com\/index.php\/wp-json\/wp\/v2\/media?parent=427"}],"wp:term":[{"taxonomy":"product_brand","embeddable":true,"href":"https:\/\/lordsassembly.thetinydesign.com\/index.php\/wp-json\/wp\/v2\/product_brand?post=427"},{"taxonomy":"product_cat","embeddable":true,"href":"https:\/\/lordsassembly.thetinydesign.com\/index.php\/wp-json\/wp\/v2\/product_cat?post=427"},{"taxonomy":"product_tag","embeddable":true,"href":"https:\/\/lordsassembly.thetinydesign.com\/index.php\/wp-json\/wp\/v2\/product_tag?post=427"}],"curies":[{"name":"wp","href":"https:\/\/api.w.org\/{rel}","templated":true}]}}